{"id":12411,"date":"2021-01-31T09:42:58","date_gmt":"2021-01-31T06:42:58","guid":{"rendered":"https:\/\/elementor.zozothemes.com\/egovenz\/?page_id=12411"},"modified":"2022-02-14T13:03:49","modified_gmt":"2022-02-14T10:03:49","slug":"notices","status":"publish","type":"page","link":"https:\/\/kagiosb.org.tr\/index.php\/notices\/","title":{"rendered":"Haber ve Duyurular"},"content":{"rendered":"\t\t<div data-elementor-type=\"wp-page\" data-elementor-id=\"12411\" class=\"elementor elementor-12411\">\n\t\t\t\t\t\t<section class=\"elementor-section elementor-top-section elementor-element elementor-element-2761d68 elementor-section-boxed elementor-section-height-default elementor-section-height-default\" data-id=\"2761d68\" data-element_type=\"section\" data-e-type=\"section\">\n\t\t\t\t\t\t<div class=\"elementor-container elementor-column-gap-default\">\n\t\t\t\t\t<div class=\"elementor-column elementor-col-100 elementor-top-column elementor-element elementor-element-53c8f90\" data-id=\"53c8f90\" data-element_type=\"column\" data-e-type=\"column\">\n\t\t\t<div class=\"elementor-widget-wrap elementor-element-populated\">\n\t\t\t\t\t\t<section class=\"elementor-section elementor-inner-section elementor-element elementor-element-362f0d2 elementor-section-boxed elementor-section-height-default elementor-section-height-default\" data-id=\"362f0d2\" data-element_type=\"section\" data-e-type=\"section\">\n\t\t\t\t\t\t<div class=\"elementor-container elementor-column-gap-default\">\n\t\t\t\t\t<div class=\"elementor-column elementor-col-100 elementor-inner-column elementor-element elementor-element-d104db5\" data-id=\"d104db5\" data-element_type=\"column\" data-e-type=\"column\">\n\t\t\t<div class=\"elementor-widget-wrap elementor-element-populated\">\n\t\t\t\t\t\t<div class=\"elementor-element elementor-element-be9cf58 elementor-widget elementor-widget-egovenzblog\" data-id=\"be9cf58\" data-element_type=\"widget\" data-e-type=\"widget\" data-widget_type=\"egovenzblog.default\">\n\t\t\t\t\r\n\t\t<div class=\"elementor-widget-container blog-wrapper blog-style-list blog-light blog-normal-model shortcode-rand-1 egovenz-inline-css\" data-css=\"&quot;.shortcode-rand-1.blog-wrapper .blog-inner .media &gt; .media-body &gt; *:nth-child(1) { margin-bottom: 10px; }.shortcode-rand-1.blog-wrapper .blog-inner .media &gt; .media-body &gt; *:nth-child(2) { margin-bottom: 10px; }.shortcode-rand-1.blog-wrapper .blog-inner .media &gt; .media-body &gt; *:nth-child(3) { margin-bottom: 20px; }&quot;\">\r\n\t\t\r\n\t\t\t<div class=\"row\"><div class=\"col-lg-12 col-md-12\"><div class=\"blog-inner\"><div class=\"media\"><div class=\"post-thumb post-overlay-active\"><img fetchpriority=\"high\" decoding=\"async\" height=\"465\" width=\"460\" class=\"img-fluid\" alt=\"Kahramanmara\u015f G\u0131da \u0130htisas OSB M\u00fcte\u015febbis Heyeti Son Geli\u015fmeleri De\u011ferlendirmek \u00dczere 2025 Y\u0131l\u0131 2. Toplant\u0131s\u0131n\u0131 D\u00fczenledi\" src=\"https:\/\/kagiosb.org.tr\/wp-content\/uploads\/2025\/06\/Logo-e1750158289235.png\"\/><div class=\"post-overlay-items\"><div class=\"post-category\"><span class=\"before-icon ti-folder\"><\/span><a href=\"https:\/\/kagiosb.org.tr\/index.php\/category\/duyurular\/\">Duyurular<\/a>,<a href=\"https:\/\/kagiosb.org.tr\/index.php\/category\/genel\/\">Genel<\/a>,<a href=\"https:\/\/kagiosb.org.tr\/index.php\/category\/haberler\/\">Haberler<\/a>,<a href=\"https:\/\/kagiosb.org.tr\/index.php\/category\/notices\/\">Notices<\/a><\/div><\/div><\/div><!-- .post-thumb --><div class=\"media-body\"><div class=\"top-meta clearfix\"><ul class=\"nav top-meta-list meta-left\"><li><div class=\"post-date\"><a href=\"https:\/\/kagiosb.org.tr\/index.php\/2025\/06\/17\/\" ><i class=\"ti-calendar\"><\/i> 17 Haziran 2025<\/a><\/div><\/li><\/ul><\/div><div class=\"entry-title\"><h5 class=\"post-title-head\"><a href=\"https:\/\/kagiosb.org.tr\/index.php\/2025\/06\/17\/kahramanmaras-gida-ihtisas-osb-mutesebbis-heyeti-son-gelismeleri-degerlendirmek-uzere-2025-yili-2-toplantisini-duzenledi\/\" class=\"post-title\">Kahramanmara\u015f G\u0131da \u0130htisas OSB M\u00fcte\u015febbis Heyeti Son Geli\u015fmeleri De\u011ferlendirmek \u00dczere 2025 Y\u0131l\u0131 2. Toplant\u0131s\u0131n\u0131 D\u00fczenledi<\/a><\/h5><\/div><!-- .entry-title --><div class=\"post-excerpt\"><p>\u00a0 Kahramanmara\u015f B\u00fcy\u00fck\u015fehir Belediyesi \u00f6nc\u00fcl\u00fc\u011f\u00fcnde, Valilik, Oniki\u015fubat Belediyesi, Dulkadiro\u011flu Belediyesi, T\u00fcrko\u011flu Belediyesi, Kahramanmara\u015f Ticaret ve Sanayi Odas\u0131 ile Ticaret Borsas\u0131&#8217;n\u0131n i\u015f birli\u011fiyle T\u00fcrko\u011flu&#8217;da kurulacak<\/p>\n<\/div><!-- .post-excerpt --><div class=\"bottom-meta clearfix\"><ul class=\"nav bottom-meta-list meta-left\"><li><div class=\"post-more\"><a class=\"read-more\" href=\"https:\/\/kagiosb.org.tr\/index.php\/2025\/06\/17\/kahramanmaras-gida-ihtisas-osb-mutesebbis-heyeti-son-gelismeleri-degerlendirmek-uzere-2025-yili-2-toplantisini-duzenledi\/\">Read More<\/a><\/div><\/li><\/ul><\/div><\/div><!-- .media-body --><\/div><!-- .media --><\/div><!-- .blog-inner --><\/div><!-- .col \/ .owl-carousel-item \/ .isotope --><\/div><!-- .row --><div class=\"row\"><div class=\"col-lg-12 col-md-12\"><div class=\"blog-inner\"><div class=\"media\"><div class=\"post-thumb post-overlay-active\"><img decoding=\"async\" height=\"548\" width=\"767\" class=\"img-fluid\" alt=\"Kahramanmara\u015f G\u0131da \u0130htisas OSB M\u00fcte\u015febbis Heyeti Topland\u0131\" src=\"https:\/\/kagiosb.org.tr\/wp-content\/uploads\/2023\/09\/gida_osb_3-1-767x548.jpg\"\/><div class=\"post-overlay-items\"><div class=\"post-category\"><span class=\"before-icon ti-folder\"><\/span><a href=\"https:\/\/kagiosb.org.tr\/index.php\/category\/duyurular\/\">Duyurular<\/a>,<a href=\"https:\/\/kagiosb.org.tr\/index.php\/category\/genel\/\">Genel<\/a>,<a href=\"https:\/\/kagiosb.org.tr\/index.php\/category\/haberler\/\">Haberler<\/a>,<a href=\"https:\/\/kagiosb.org.tr\/index.php\/category\/notices\/\">Notices<\/a><\/div><\/div><\/div><!-- .post-thumb --><div class=\"media-body\"><div class=\"top-meta clearfix\"><ul class=\"nav top-meta-list meta-left\"><li><div class=\"post-date\"><a href=\"https:\/\/kagiosb.org.tr\/index.php\/2023\/09\/26\/\" ><i class=\"ti-calendar\"><\/i> 26 Eyl\u00fcl 2023<\/a><\/div><\/li><\/ul><\/div><div class=\"entry-title\"><h5 class=\"post-title-head\"><a href=\"https:\/\/kagiosb.org.tr\/index.php\/2023\/09\/26\/kahramanmaras-gida-ihtisas-osb-mutesebbis-heyeti-toplandi\/\" class=\"post-title\">Kahramanmara\u015f G\u0131da \u0130htisas OSB M\u00fcte\u015febbis Heyeti Topland\u0131<\/a><\/h5><\/div><!-- .entry-title --><div class=\"post-excerpt\"><p>B\u00fcy\u00fck\u015fehir Belediyesi \u00f6nc\u00fcl\u00fc\u011f\u00fcnde T\u00fcrko\u011flu\u2019nda kurulacak Kahramanmara\u015f G\u0131da \u0130htisas Organize Sanayi B\u00f6lgesi M\u00fcte\u015febbis Heyeti Toplant\u0131s\u0131 d\u00fczenlendi. G\u0131da OSB\u2019ye ili\u015fkin s\u00fcre\u00e7ler de\u011ferlendirilirken; Yeni M\u00fcte\u015febbis Heyet Ba\u015fkan\u0131,<\/p>\n<\/div><!-- .post-excerpt --><div class=\"bottom-meta clearfix\"><ul class=\"nav bottom-meta-list meta-left\"><li><div class=\"post-more\"><a class=\"read-more\" href=\"https:\/\/kagiosb.org.tr\/index.php\/2023\/09\/26\/kahramanmaras-gida-ihtisas-osb-mutesebbis-heyeti-toplandi\/\">Read More<\/a><\/div><\/li><\/ul><\/div><\/div><!-- .media-body --><\/div><!-- .media --><\/div><!-- .blog-inner --><\/div><!-- .col \/ .owl-carousel-item \/ .isotope --><\/div><!-- .row --><div class=\"row\"><div class=\"col-lg-12 col-md-12\"><div class=\"blog-inner\"><div class=\"media\"><div class=\"post-thumb post-overlay-active\"><img decoding=\"async\" height=\"548\" width=\"767\" class=\"img-fluid\" alt=\"Kahramanmara\u015f G\u0131da \u0130htisas OSB 2023 Y\u0131l\u0131 Yat\u0131r\u0131m Program\u0131na Al\u0131nd\u0131\" src=\"https:\/\/kagiosb.org.tr\/wp-content\/uploads\/2023\/01\/Resmi-Gazete_page-0001-767x548.jpg\"\/><div class=\"post-overlay-items\"><div class=\"post-category\"><span class=\"before-icon ti-folder\"><\/span><a href=\"https:\/\/kagiosb.org.tr\/index.php\/category\/duyurular\/\">Duyurular<\/a>,<a href=\"https:\/\/kagiosb.org.tr\/index.php\/category\/genel\/\">Genel<\/a>,<a href=\"https:\/\/kagiosb.org.tr\/index.php\/category\/haberler\/\">Haberler<\/a>,<a href=\"https:\/\/kagiosb.org.tr\/index.php\/category\/notices\/\">Notices<\/a><\/div><\/div><\/div><!-- .post-thumb --><div class=\"media-body\"><div class=\"top-meta clearfix\"><ul class=\"nav top-meta-list meta-left\"><li><div class=\"post-date\"><a href=\"https:\/\/kagiosb.org.tr\/index.php\/2023\/01\/23\/\" ><i class=\"ti-calendar\"><\/i> 23 Ocak 2023<\/a><\/div><\/li><\/ul><\/div><div class=\"entry-title\"><h5 class=\"post-title-head\"><a href=\"https:\/\/kagiosb.org.tr\/index.php\/2023\/01\/23\/kahramanmaras-gida-ihtisas-osb-2023-yili-yatirim-programina-alindi\/\" class=\"post-title\">Kahramanmara\u015f G\u0131da \u0130htisas OSB 2023 Y\u0131l\u0131 Yat\u0131r\u0131m Program\u0131na Al\u0131nd\u0131<\/a><\/h5><\/div><!-- .entry-title --><div class=\"post-excerpt\"><p>T\u00fcrko\u011flu il\u00e7esinde kurulma \u00e7al\u0131\u015fmalar\u0131 son h\u0131z devam eden Kahramanmara\u015f G\u0131da \u0130htisas Organize Sanayi B\u00f6lgesi (OSB) i\u00e7in B\u00fcy\u00fck\u015fehir Belediye Ba\u015fkan\u0131 Hayrettin G\u00dcNG\u00d6R m\u00fcjdeli haberi verdi.<\/p>\n<\/div><!-- .post-excerpt --><div class=\"bottom-meta clearfix\"><ul class=\"nav bottom-meta-list meta-left\"><li><div class=\"post-more\"><a class=\"read-more\" href=\"https:\/\/kagiosb.org.tr\/index.php\/2023\/01\/23\/kahramanmaras-gida-ihtisas-osb-2023-yili-yatirim-programina-alindi\/\">Read More<\/a><\/div><\/li><\/ul><\/div><\/div><!-- .media-body --><\/div><!-- .media --><\/div><!-- .blog-inner --><\/div><!-- .col \/ .owl-carousel-item \/ .isotope --><\/div><!-- .row --><div class=\"row\"><div class=\"col-lg-12 col-md-12\"><div class=\"blog-inner\"><div class=\"media\"><div class=\"post-thumb post-overlay-active\"><img loading=\"lazy\" decoding=\"async\" height=\"548\" width=\"767\" class=\"img-fluid\" alt=\"Cumhurba\u015fkanl\u0131\u011f\u0131 Strateji ve B\u00fct\u00e7e Ba\u015fkanl\u0131\u011f\u0131 Ziyareti\" src=\"https:\/\/kagiosb.org.tr\/wp-content\/uploads\/2022\/10\/PHOTO-2022-10-20-15-10-26-3-767x548.jpg\"\/><div class=\"post-overlay-items\"><div class=\"post-category\"><span class=\"before-icon ti-folder\"><\/span><a href=\"https:\/\/kagiosb.org.tr\/index.php\/category\/duyurular\/\">Duyurular<\/a>,<a href=\"https:\/\/kagiosb.org.tr\/index.php\/category\/haberler\/\">Haberler<\/a>,<a href=\"https:\/\/kagiosb.org.tr\/index.php\/category\/notices\/\">Notices<\/a><\/div><\/div><\/div><!-- .post-thumb --><div class=\"media-body\"><div class=\"top-meta clearfix\"><ul class=\"nav top-meta-list meta-left\"><li><div class=\"post-date\"><a href=\"https:\/\/kagiosb.org.tr\/index.php\/2022\/10\/20\/\" ><i class=\"ti-calendar\"><\/i> 20 Ekim 2022<\/a><\/div><\/li><\/ul><\/div><div class=\"entry-title\"><h5 class=\"post-title-head\"><a href=\"https:\/\/kagiosb.org.tr\/index.php\/2022\/10\/20\/cumhurbaskanligi-strateji-ve-butce-baskanligi-ziyareti\/\" class=\"post-title\">Cumhurba\u015fkanl\u0131\u011f\u0131 Strateji ve B\u00fct\u00e7e Ba\u015fkanl\u0131\u011f\u0131 Ziyareti<\/a><\/h5><\/div><!-- .entry-title --><div class=\"post-excerpt\"><p>Kahramanmara\u015f G\u0131da \u0130htisas Organize Sanayi B\u00f6lgesi (G\u0131da OSB) M\u00fcte\u015febbis Heyeti \u00dcyeleri Sn. E. Emrah HATUNO\u011eLU ile Sn. O\u011fuzhan \u00d6RER, Cumhurba\u015fkanl\u0131\u011f\u0131 Strateji ve B\u00fct\u00e7e Ba\u015fkanl\u0131\u011f\u0131<\/p>\n<\/div><!-- .post-excerpt --><div class=\"bottom-meta clearfix\"><ul class=\"nav bottom-meta-list meta-left\"><li><div class=\"post-more\"><a class=\"read-more\" href=\"https:\/\/kagiosb.org.tr\/index.php\/2022\/10\/20\/cumhurbaskanligi-strateji-ve-butce-baskanligi-ziyareti\/\">Read More<\/a><\/div><\/li><\/ul><\/div><\/div><!-- .media-body --><\/div><!-- .media --><\/div><!-- .blog-inner --><\/div><!-- .col \/ .owl-carousel-item \/ .isotope --><\/div><!-- .row --><div class=\"row\"><div class=\"col-lg-12 col-md-12\"><div class=\"blog-inner\"><div class=\"media\"><div class=\"post-thumb post-overlay-active\"><img loading=\"lazy\" decoding=\"async\" height=\"548\" width=\"767\" class=\"img-fluid\" alt=\"Milli Emlak Genel M\u00fcd\u00fcrl\u00fc\u011f\u00fc Ziyareti\" src=\"https:\/\/kagiosb.org.tr\/wp-content\/uploads\/2022\/10\/PHOTO-2022-10-18-10-24-10-767x548.jpg\"\/><div class=\"post-overlay-items\"><div class=\"post-category\"><span class=\"before-icon ti-folder\"><\/span><a href=\"https:\/\/kagiosb.org.tr\/index.php\/category\/genel\/\">Genel<\/a>,<a href=\"https:\/\/kagiosb.org.tr\/index.php\/category\/haberler\/\">Haberler<\/a>,<a href=\"https:\/\/kagiosb.org.tr\/index.php\/category\/notices\/\">Notices<\/a><\/div><\/div><\/div><!-- .post-thumb --><div class=\"media-body\"><div class=\"top-meta clearfix\"><ul class=\"nav top-meta-list meta-left\"><li><div class=\"post-date\"><a href=\"https:\/\/kagiosb.org.tr\/index.php\/2022\/10\/20\/\" ><i class=\"ti-calendar\"><\/i> 20 Ekim 2022<\/a><\/div><\/li><\/ul><\/div><div class=\"entry-title\"><h5 class=\"post-title-head\"><a href=\"https:\/\/kagiosb.org.tr\/index.php\/2022\/10\/20\/milli-emlak-genel-mudurlugu-ziyareti\/\" class=\"post-title\">Milli Emlak Genel M\u00fcd\u00fcrl\u00fc\u011f\u00fc Ziyareti<\/a><\/h5><\/div><!-- .entry-title --><div class=\"post-excerpt\"><p>Kahramanmara\u015f G\u0131da \u0130htisas Organize Sanayi B\u00f6lgesi (G\u0131da OSB) M\u00fcte\u015febbis Heyeti \u00dcyelerinden Sn. E. Emrah HATUNO\u011eLU ile Sn. O\u011fuzhan \u00d6RER Milli Emlak Genel M\u00fcd\u00fcrl\u00fc\u011f\u00fc \u00d6zel<\/p>\n<\/div><!-- .post-excerpt --><div class=\"bottom-meta clearfix\"><ul class=\"nav bottom-meta-list meta-left\"><li><div class=\"post-more\"><a class=\"read-more\" href=\"https:\/\/kagiosb.org.tr\/index.php\/2022\/10\/20\/milli-emlak-genel-mudurlugu-ziyareti\/\">Read More<\/a><\/div><\/li><\/ul><\/div><\/div><!-- .media-body --><\/div><!-- .media --><\/div><!-- .blog-inner --><\/div><!-- .col \/ .owl-carousel-item \/ .isotope --><\/div><!-- .row --><div class=\"row\"><div class=\"col-lg-12 col-md-12\"><div class=\"blog-inner\"><div class=\"media\"><div class=\"post-thumb post-overlay-active\"><img loading=\"lazy\" decoding=\"async\" height=\"548\" width=\"767\" class=\"img-fluid\" alt=\"Sanayi ve Teknoloji Bakanl\u0131\u011f\u0131 Ziyareti\" src=\"https:\/\/kagiosb.org.tr\/wp-content\/uploads\/2022\/10\/PHOTO-2022-10-17-20-59-07-767x548.jpg\"\/><div class=\"post-overlay-items\"><div class=\"post-category\"><span class=\"before-icon ti-folder\"><\/span><a href=\"https:\/\/kagiosb.org.tr\/index.php\/category\/haberler\/\">Haberler<\/a>,<a href=\"https:\/\/kagiosb.org.tr\/index.php\/category\/notices\/\">Notices<\/a><\/div><\/div><\/div><!-- .post-thumb --><div class=\"media-body\"><div class=\"top-meta clearfix\"><ul class=\"nav top-meta-list meta-left\"><li><div class=\"post-date\"><a href=\"https:\/\/kagiosb.org.tr\/index.php\/2022\/10\/19\/\" ><i class=\"ti-calendar\"><\/i> 19 Ekim 2022<\/a><\/div><\/li><\/ul><\/div><div class=\"entry-title\"><h5 class=\"post-title-head\"><a href=\"https:\/\/kagiosb.org.tr\/index.php\/2022\/10\/19\/sanayi-ve-teknoloji-bakanligi-ziyareti\/\" class=\"post-title\">Sanayi ve Teknoloji Bakanl\u0131\u011f\u0131 Ziyareti<\/a><\/h5><\/div><!-- .entry-title --><div class=\"post-excerpt\"><p>Kahramanmara\u015f G\u0131da \u0130htisas Organize Sanayi B\u00f6lgesi (G\u0131da OSB) M\u00fcte\u015febbis Heyeti ve Y\u00f6netim Kurulu Ba\u015fkan\u0131 Sn. Arif \u015eEN, M\u00fcte\u015febbis Heyet \u00dcyelerinden Sn. E. Emrah HATUNO\u011eLU,<\/p>\n<\/div><!-- .post-excerpt --><div class=\"bottom-meta clearfix\"><ul class=\"nav bottom-meta-list meta-left\"><li><div class=\"post-more\"><a class=\"read-more\" href=\"https:\/\/kagiosb.org.tr\/index.php\/2022\/10\/19\/sanayi-ve-teknoloji-bakanligi-ziyareti\/\">Read More<\/a><\/div><\/li><\/ul><\/div><\/div><!-- .media-body --><\/div><!-- .media --><\/div><!-- .blog-inner --><\/div><!-- .col \/ .owl-carousel-item \/ .isotope --><\/div><!-- .row --><div class=\"row\"><div class=\"col-lg-12 col-md-12\"><div class=\"blog-inner\"><div class=\"media\"><div class=\"post-thumb post-overlay-active\"><img loading=\"lazy\" decoding=\"async\" height=\"548\" width=\"767\" class=\"img-fluid\" alt=\"Kahramanmara\u015f Sanayi ve Teknoloji \u0130l M\u00fcd\u00fcr\u00fc Sn. UYSAL\u2019a Hay\u0131rl\u0131 olsun Ziyareti\" src=\"https:\/\/kagiosb.org.tr\/wp-content\/uploads\/2022\/10\/PHOTO-2022-10-12-18-10-17-767x548.jpg\"\/><div class=\"post-overlay-items\"><div class=\"post-category\"><span class=\"before-icon ti-folder\"><\/span><a href=\"https:\/\/kagiosb.org.tr\/index.php\/category\/haberler\/\">Haberler<\/a>,<a href=\"https:\/\/kagiosb.org.tr\/index.php\/category\/notices\/\">Notices<\/a><\/div><\/div><\/div><!-- .post-thumb --><div class=\"media-body\"><div class=\"top-meta clearfix\"><ul class=\"nav top-meta-list meta-left\"><li><div class=\"post-date\"><a href=\"https:\/\/kagiosb.org.tr\/index.php\/2022\/10\/13\/\" ><i class=\"ti-calendar\"><\/i> 13 Ekim 2022<\/a><\/div><\/li><\/ul><\/div><div class=\"entry-title\"><h5 class=\"post-title-head\"><a href=\"https:\/\/kagiosb.org.tr\/index.php\/2022\/10\/13\/kahramanmaras-sanayi-ve-teknoloji-il-muduru-sn-uysala-hayirli-olsun-ziyareti\/\" class=\"post-title\">Kahramanmara\u015f Sanayi ve Teknoloji \u0130l M\u00fcd\u00fcr\u00fc Sn. UYSAL\u2019a Hay\u0131rl\u0131 olsun Ziyareti<\/a><\/h5><\/div><!-- .entry-title --><div class=\"post-excerpt\"><p>Kahramanmara\u015f G\u0131da \u0130htisas Organize Sanayi B\u00f6lgesi (G\u0131da OSB) M\u00fcte\u015febbis Heyeti ve Y\u00f6netim Kurulu Ba\u015fkan\u0131 Sn. Arif \u015eEN ile M\u00fcte\u015febbis Heyet \u00dcyesi E. Emrah HATUNO\u011eLU<\/p>\n<\/div><!-- .post-excerpt --><div class=\"bottom-meta clearfix\"><ul class=\"nav bottom-meta-list meta-left\"><li><div class=\"post-more\"><a class=\"read-more\" href=\"https:\/\/kagiosb.org.tr\/index.php\/2022\/10\/13\/kahramanmaras-sanayi-ve-teknoloji-il-muduru-sn-uysala-hayirli-olsun-ziyareti\/\">Read More<\/a><\/div><\/li><\/ul><\/div><\/div><!-- .media-body --><\/div><!-- .media --><\/div><!-- .blog-inner --><\/div><!-- .col \/ .owl-carousel-item \/ .isotope --><\/div><!-- .row --><div class=\"row\"><div class=\"col-lg-12 col-md-12\"><div class=\"blog-inner\"><div class=\"media\"><div class=\"post-thumb post-overlay-active\"><img loading=\"lazy\" decoding=\"async\" height=\"548\" width=\"767\" class=\"img-fluid\" alt=\"Kahramanmara\u015f Ticaret Borsas\u0131 Ba\u015fkan\u0131 Sn. Mustafa NARLI\u2019ya Hay\u0131rl\u0131 Olsun Ziyareti\" src=\"https:\/\/kagiosb.org.tr\/wp-content\/uploads\/2022\/10\/PHOTO-2022-10-10-17-01-50-1-767x548.jpg\"\/><div class=\"post-overlay-items\"><div class=\"post-category\"><span class=\"before-icon ti-folder\"><\/span><a href=\"https:\/\/kagiosb.org.tr\/index.php\/category\/haberler\/\">Haberler<\/a>,<a href=\"https:\/\/kagiosb.org.tr\/index.php\/category\/notices\/\">Notices<\/a><\/div><\/div><\/div><!-- .post-thumb --><div class=\"media-body\"><div class=\"top-meta clearfix\"><ul class=\"nav top-meta-list meta-left\"><li><div class=\"post-date\"><a href=\"https:\/\/kagiosb.org.tr\/index.php\/2022\/10\/12\/\" ><i class=\"ti-calendar\"><\/i> 12 Ekim 2022<\/a><\/div><\/li><\/ul><\/div><div class=\"entry-title\"><h5 class=\"post-title-head\"><a href=\"https:\/\/kagiosb.org.tr\/index.php\/2022\/10\/12\/kahramanmaras-ticaret-borsasi-baskani-sn-mustafa-narliya-hayirli-olsun-ziyareti\/\" class=\"post-title\">Kahramanmara\u015f Ticaret Borsas\u0131 Ba\u015fkan\u0131 Sn. Mustafa NARLI\u2019ya Hay\u0131rl\u0131 Olsun Ziyareti<\/a><\/h5><\/div><!-- .entry-title --><div class=\"post-excerpt\"><p>Kahramanmara\u015f G\u0131da \u0130htisas Organize Sanayi B\u00f6lgesi (G\u0131da OSB) M\u00fcte\u015febbis Heyeti ve Y\u00f6netim Kurulu Ba\u015fkan\u0131 Sn. Arif \u015eEN, Y\u00f6netim Kurulu \u00dcyeleri Sn. Fatih D\u0130N\u00c7ER, Sn.<\/p>\n<\/div><!-- .post-excerpt --><div class=\"bottom-meta clearfix\"><ul class=\"nav bottom-meta-list meta-left\"><li><div class=\"post-more\"><a class=\"read-more\" href=\"https:\/\/kagiosb.org.tr\/index.php\/2022\/10\/12\/kahramanmaras-ticaret-borsasi-baskani-sn-mustafa-narliya-hayirli-olsun-ziyareti\/\">Read More<\/a><\/div><\/li><\/ul><\/div><\/div><!-- .media-body --><\/div><!-- .media --><\/div><!-- .blog-inner --><\/div><!-- .col \/ .owl-carousel-item \/ .isotope --><\/div><!-- .row --><div class=\"row\"><div class=\"col-lg-12 col-md-12\"><div class=\"blog-inner\"><div class=\"media\"><div class=\"post-thumb post-overlay-active\"><img loading=\"lazy\" decoding=\"async\" height=\"548\" width=\"767\" class=\"img-fluid\" alt=\"Kahramanmara\u015f G\u0131da \u0130htisas OSB 2022 Y\u0131l\u0131 1. M\u00fcte\u015febbis Heyet Toplant\u0131s\u0131 Yap\u0131ld\u0131\" src=\"https:\/\/kagiosb.org.tr\/wp-content\/uploads\/2022\/04\/PHOTO-2022-04-01-15-16-13-2-767x548.jpg\"\/><div class=\"post-overlay-items\"><div class=\"post-category\"><span class=\"before-icon ti-folder\"><\/span><a href=\"https:\/\/kagiosb.org.tr\/index.php\/category\/duyurular\/\">Duyurular<\/a>,<a href=\"https:\/\/kagiosb.org.tr\/index.php\/category\/haberler\/\">Haberler<\/a>,<a href=\"https:\/\/kagiosb.org.tr\/index.php\/category\/notices\/\">Notices<\/a><\/div><\/div><\/div><!-- .post-thumb --><div class=\"media-body\"><div class=\"top-meta clearfix\"><ul class=\"nav top-meta-list meta-left\"><li><div class=\"post-date\"><a href=\"https:\/\/kagiosb.org.tr\/index.php\/2022\/03\/31\/\" ><i class=\"ti-calendar\"><\/i> 31 Mart 2022<\/a><\/div><\/li><\/ul><\/div><div class=\"entry-title\"><h5 class=\"post-title-head\"><a href=\"https:\/\/kagiosb.org.tr\/index.php\/2022\/03\/31\/turkoglu-gida-ihtisas-osb-2022-yili-1-mutesebbis-heyet-toplantisi-yapildi\/\" class=\"post-title\">Kahramanmara\u015f G\u0131da \u0130htisas OSB 2022 Y\u0131l\u0131 1. M\u00fcte\u015febbis Heyet Toplant\u0131s\u0131 Yap\u0131ld\u0131<\/a><\/h5><\/div><!-- .entry-title --><div class=\"post-excerpt\"><p>T\u00fcrko\u011flu\u2019nda kurulmas\u0131 planlanan Kahramanmara\u015f G\u0131da \u0130htisas Organize Sanayi B\u00f6lgesi (OSB) 2022 Y\u0131l\u0131 1. M\u00fcte\u015febbis Heyeti Toplant\u0131s\u0131 d\u00fczenledi. Kahramanmara\u015f B\u00fcy\u00fck\u015fehir Meclis salonunda d\u00fczenlenen toplant\u0131da M\u00fcte\u015febbis<\/p>\n<\/div><!-- .post-excerpt --><div class=\"bottom-meta clearfix\"><ul class=\"nav bottom-meta-list meta-left\"><li><div class=\"post-more\"><a class=\"read-more\" href=\"https:\/\/kagiosb.org.tr\/index.php\/2022\/03\/31\/turkoglu-gida-ihtisas-osb-2022-yili-1-mutesebbis-heyet-toplantisi-yapildi\/\">Read More<\/a><\/div><\/li><\/ul><\/div><\/div><!-- .media-body --><\/div><!-- .media --><\/div><!-- .blog-inner --><\/div><!-- .col \/ .owl-carousel-item \/ .isotope --><\/div><!-- .row --><div class=\"row\"><div class=\"col-lg-12 col-md-12\"><div class=\"blog-inner\"><div class=\"media\"><div class=\"post-thumb post-overlay-active\"><img loading=\"lazy\" decoding=\"async\" height=\"548\" width=\"767\" class=\"img-fluid\" alt=\"Kahramanmara\u015f \u00c7evre, \u015eehircilik ve \u0130klim De\u011fi\u015fikli\u011fi \u0130l M\u00fcd\u00fcrl\u00fc\u011f\u00fc Ziyareti\" src=\"https:\/\/kagiosb.org.tr\/wp-content\/uploads\/2022\/02\/PHOTO-2022-02-25-15-44-51-1-767x548.jpg\"\/><div class=\"post-overlay-items\"><div class=\"post-category\"><span class=\"before-icon ti-folder\"><\/span><a href=\"https:\/\/kagiosb.org.tr\/index.php\/category\/duyurular\/\">Duyurular<\/a>,<a href=\"https:\/\/kagiosb.org.tr\/index.php\/category\/haberler\/\">Haberler<\/a>,<a href=\"https:\/\/kagiosb.org.tr\/index.php\/category\/notices\/\">Notices<\/a><\/div><\/div><\/div><!-- .post-thumb --><div class=\"media-body\"><div class=\"top-meta clearfix\"><ul class=\"nav top-meta-list meta-left\"><li><div class=\"post-date\"><a href=\"https:\/\/kagiosb.org.tr\/index.php\/2022\/02\/25\/\" ><i class=\"ti-calendar\"><\/i> 25 \u015eubat 2022<\/a><\/div><\/li><\/ul><\/div><div class=\"entry-title\"><h5 class=\"post-title-head\"><a href=\"https:\/\/kagiosb.org.tr\/index.php\/2022\/02\/25\/kahramanmaras-cevre-sehircilik-ve-iklim-degisikligi-il-mudurlugu-ziyareti\/\" class=\"post-title\">Kahramanmara\u015f \u00c7evre, \u015eehircilik ve \u0130klim De\u011fi\u015fikli\u011fi \u0130l M\u00fcd\u00fcrl\u00fc\u011f\u00fc Ziyareti<\/a><\/h5><\/div><!-- .entry-title --><div class=\"post-excerpt\"><p>Kahramanmara\u015f G\u0131da \u0130htisas Organize Sanayi B\u00f6lgesi (OSB) Y\u00f6netim Kurulu Ba\u015fkan\u0131 Sn. Arif \u015eEN ile M\u00fcte\u015febbis Heyet \u00dcyesi E. Emrah HATUNO\u011eLU Kahramanmara\u015f \u00c7evre, \u015eehircilik ve<\/p>\n<\/div><!-- .post-excerpt --><div class=\"bottom-meta clearfix\"><ul class=\"nav bottom-meta-list meta-left\"><li><div class=\"post-more\"><a class=\"read-more\" href=\"https:\/\/kagiosb.org.tr\/index.php\/2022\/02\/25\/kahramanmaras-cevre-sehircilik-ve-iklim-degisikligi-il-mudurlugu-ziyareti\/\">Read More<\/a><\/div><\/li><\/ul><\/div><\/div><!-- .media-body --><\/div><!-- .media --><\/div><!-- .blog-inner --><\/div><!-- .col \/ .owl-carousel-item \/ .isotope --><\/div><!-- .row -->\t\t\t\r\n\t\t<\/div>\r\n\t\t\t\t<\/div>\n\t\t\t\t\t<\/div>\n\t\t<\/div>\n\t\t\t\t\t<\/div>\n\t\t<\/section>\n\t\t\t\t\t<\/div>\n\t\t<\/div>\n\t\t\t\t\t<\/div>\n\t\t<\/section>\n\t\t\t\t<\/div>\n\t\t","protected":false},"excerpt":{"rendered":"<p>Duyurular,Genel,Haberler,Notices 3 \u015eubat 2022 Kahramanmara\u015f G\u0131da \u00dcretiminde Marka Olacak Kahramanmara\u015f B\u00fcy\u00fck\u015fehir Belediyesi \u00f6nc\u00fcl\u00fc\u011f\u00fcnde haz\u0131rlanan G\u0131da \u0130htisas Organize Sanayi B\u00f6lgesi \u00e7al\u0131\u015fmalar\u0131nda yer belirlendi ve kurulu\u015f<\/p>\n","protected":false},"author":1,"featured_media":0,"parent":0,"menu_order":0,"comment_status":"closed","ping_status":"closed","template":"","meta":{"footnotes":""},"class_list":["post-12411","page","type-page","status-publish","hentry"],"_links":{"self":[{"href":"https:\/\/kagiosb.org.tr\/index.php\/wp-json\/wp\/v2\/pages\/12411","targetHints":{"allow":["GET"]}}],"collection":[{"href":"https:\/\/kagiosb.org.tr\/index.php\/wp-json\/wp\/v2\/pages"}],"about":[{"href":"https:\/\/kagiosb.org.tr\/index.php\/wp-json\/wp\/v2\/types\/page"}],"author":[{"embeddable":true,"href":"https:\/\/kagiosb.org.tr\/index.php\/wp-json\/wp\/v2\/users\/1"}],"replies":[{"embeddable":true,"href":"https:\/\/kagiosb.org.tr\/index.php\/wp-json\/wp\/v2\/comments?post=12411"}],"version-history":[{"count":4,"href":"https:\/\/kagiosb.org.tr\/index.php\/wp-json\/wp\/v2\/pages\/12411\/revisions"}],"predecessor-version":[{"id":16745,"href":"https:\/\/kagiosb.org.tr\/index.php\/wp-json\/wp\/v2\/pages\/12411\/revisions\/16745"}],"wp:attachment":[{"href":"https:\/\/kagiosb.org.tr\/index.php\/wp-json\/wp\/v2\/media?parent=12411"}],"curies":[{"name":"wp","href":"https:\/\/api.w.org\/{rel}","templated":true}]}}