{"id":13182,"date":"2019-11-16T08:09:14","date_gmt":"2019-11-16T05:09:14","guid":{"rendered":"https:\/\/elementor.zozothemes.com\/egovenz\/department-copy\/"},"modified":"2025-06-18T10:29:40","modified_gmt":"2025-06-18T07:29:40","slug":"sektorler","status":"publish","type":"page","link":"https:\/\/kagiosb.org.tr\/index.php\/sektorler\/","title":{"rendered":"Sekt\u00f6rler"},"content":{"rendered":"\t\t<div data-elementor-type=\"wp-post\" data-elementor-id=\"13182\" class=\"elementor elementor-13182\">\n\t\t\t\t\t\t<section class=\"elementor-section elementor-top-section elementor-element elementor-element-e152457 elementor-section-boxed elementor-section-height-default elementor-section-height-default\" data-id=\"e152457\" data-element_type=\"section\" data-e-type=\"section\">\n\t\t\t\t\t\t<div class=\"elementor-container elementor-column-gap-default\">\n\t\t\t\t\t<div class=\"elementor-column elementor-col-100 elementor-top-column elementor-element elementor-element-5af8e48\" data-id=\"5af8e48\" data-element_type=\"column\" data-e-type=\"column\">\n\t\t\t<div class=\"elementor-widget-wrap elementor-element-populated\">\n\t\t\t\t\t\t<div class=\"elementor-element elementor-element-cfae7e0 elementor-widget elementor-widget-egovenzservice\" data-id=\"cfae7e0\" data-element_type=\"widget\" data-e-type=\"widget\" data-widget_type=\"egovenzservice.default\">\n\t\t\t\t<div class=\"elementor-widget-container\">\n\t\t\t\t\t<div class=\"service-wrapper service-classic service-light shortcode-rand-1 egovenz-inline-css\" data-css=\"&quot;.shortcode-rand-1.service-wrapper .service-inner &gt; *:nth-child(1) { margin-bottom: 30px; }.shortcode-rand-1.service-wrapper .service-inner &gt; *:nth-child(2) { margin-bottom: 0px; }.shortcode-rand-1.service-wrapper .service-inner &gt; *:nth-child(3) { margin-bottom: 10px; }&quot;\"><div class=\"row\"><div class=\"col-lg-4 col-md-4\"><div class=\"service-inner\"><div class=\"service-thumb\"><img fetchpriority=\"high\" decoding=\"async\" width=\"767\" height=\"511\" src=\"https:\/\/kagiosb.org.tr\/wp-content\/uploads\/2022\/02\/pastacilik-scaled.jpg\" class=\"img-fluid wp-post-image\" alt=\"\" srcset=\"https:\/\/kagiosb.org.tr\/wp-content\/uploads\/2022\/02\/pastacilik-scaled.jpg 2560w, https:\/\/kagiosb.org.tr\/wp-content\/uploads\/2022\/02\/pastacilik-768x511.jpg 768w, https:\/\/kagiosb.org.tr\/wp-content\/uploads\/2022\/02\/pastacilik-1536x1023.jpg 1536w, https:\/\/kagiosb.org.tr\/wp-content\/uploads\/2022\/02\/pastacilik-2048x1364.jpg 2048w\" sizes=\"(max-width: 767px) 100vw, 767px\" \/><\/div><!-- .service-thumb --><div class=\"service-icon-img-wrap\"><img decoding=\"async\" src=\"https:\/\/kagiosb.org.tr\/wp-content\/uploads\/2022\/02\/pastacilik-scaled.jpg\" class=\"img-fluid service-icon-img\" alt=\"Pastac\u0131lar ve Unlu Mam\u00fcller\" \/><\/div><h5 class=\"service-title\"><a href=\"https:\/\/kagiosb.org.tr\/index.php\/service\/pastacilar-ve-unlu-mamuller\/\">Pastac\u0131lar ve Unlu Mam\u00fcller<\/a><\/h5><!-- .service-title --><div class=\"post-more\"><a class=\"read-more btn\" href=\"https:\/\/kagiosb.org.tr\/index.php\/service\/pastacilar-ve-unlu-mamuller\/\">Detaylar<\/a><\/div><\/div><!-- .service-inner --><\/div><!-- .cols --><div class=\"col-lg-4 col-md-4\"><div class=\"service-inner\"><div class=\"service-thumb\"><img decoding=\"async\" width=\"400\" height=\"600\" src=\"https:\/\/kagiosb.org.tr\/wp-content\/uploads\/2022\/02\/sekerleme-scaled.jpg\" class=\"img-fluid wp-post-image\" alt=\"\" srcset=\"https:\/\/kagiosb.org.tr\/wp-content\/uploads\/2022\/02\/sekerleme-scaled.jpg 1707w, https:\/\/kagiosb.org.tr\/wp-content\/uploads\/2022\/02\/sekerleme-768x1152.jpg 768w, https:\/\/kagiosb.org.tr\/wp-content\/uploads\/2022\/02\/sekerleme-1024x1536.jpg 1024w, https:\/\/kagiosb.org.tr\/wp-content\/uploads\/2022\/02\/sekerleme-1365x2048.jpg 1365w\" sizes=\"(max-width: 400px) 100vw, 400px\" \/><\/div><!-- .service-thumb --><div class=\"service-icon-img-wrap\"><img decoding=\"async\" src=\"https:\/\/kagiosb.org.tr\/wp-content\/uploads\/2022\/02\/sekerleme-scaled.jpg\" class=\"img-fluid service-icon-img\" alt=\"\u015eekerlemeciler\" \/><\/div><h5 class=\"service-title\"><a href=\"https:\/\/kagiosb.org.tr\/index.php\/service\/sekerlemeciler\/\">\u015eekerlemeciler<\/a><\/h5><!-- .service-title --><div class=\"post-more\"><a class=\"read-more btn\" href=\"https:\/\/kagiosb.org.tr\/index.php\/service\/sekerlemeciler\/\">Detaylar<\/a><\/div><\/div><!-- .service-inner --><\/div><!-- .cols --><div class=\"col-lg-4 col-md-4\"><div class=\"service-inner\"><div class=\"service-thumb\"><img decoding=\"async\" width=\"400\" height=\"600\" src=\"https:\/\/kagiosb.org.tr\/wp-content\/uploads\/2022\/02\/hazir-yemek-scaled.jpg\" class=\"img-fluid wp-post-image\" alt=\"\" srcset=\"https:\/\/kagiosb.org.tr\/wp-content\/uploads\/2022\/02\/hazir-yemek-scaled.jpg 1708w, https:\/\/kagiosb.org.tr\/wp-content\/uploads\/2022\/02\/hazir-yemek-768x1151.jpg 768w, https:\/\/kagiosb.org.tr\/wp-content\/uploads\/2022\/02\/hazir-yemek-1025x1536.jpg 1025w, https:\/\/kagiosb.org.tr\/wp-content\/uploads\/2022\/02\/hazir-yemek-1366x2048.jpg 1366w\" sizes=\"(max-width: 400px) 100vw, 400px\" \/><\/div><!-- .service-thumb --><div class=\"service-icon-img-wrap\"><img decoding=\"async\" src=\"https:\/\/kagiosb.org.tr\/wp-content\/uploads\/2022\/02\/hazir-yemek-scaled.jpg\" class=\"img-fluid service-icon-img\" alt=\"Haz\u0131r Yemek Sekt\u00f6r\u00fc\" \/><\/div><h5 class=\"service-title\"><a href=\"https:\/\/kagiosb.org.tr\/index.php\/service\/hazir-yemek-sektoru\/\">Haz\u0131r Yemek Sekt\u00f6r\u00fc<\/a><\/h5><!-- .service-title --><div class=\"post-more\"><a class=\"read-more btn\" href=\"https:\/\/kagiosb.org.tr\/index.php\/service\/hazir-yemek-sektoru\/\">Detaylar<\/a><\/div><\/div><!-- .service-inner --><\/div><!-- .cols --><\/div><!-- .row --><div class=\"row\"><div class=\"col-lg-4 col-md-4\"><div class=\"service-inner\"><div class=\"service-thumb\"><img loading=\"lazy\" decoding=\"async\" width=\"767\" height=\"575\" src=\"https:\/\/kagiosb.org.tr\/wp-content\/uploads\/2022\/02\/tarhana_9.jpg\" class=\"img-fluid wp-post-image\" alt=\"\" srcset=\"https:\/\/kagiosb.org.tr\/wp-content\/uploads\/2022\/02\/tarhana_9.jpg 800w, https:\/\/kagiosb.org.tr\/wp-content\/uploads\/2022\/02\/tarhana_9-768x576.jpg 768w\" sizes=\"(max-width: 767px) 100vw, 767px\" \/><\/div><!-- .service-thumb --><div class=\"service-icon-img-wrap\"><img decoding=\"async\" src=\"https:\/\/kagiosb.org.tr\/wp-content\/uploads\/2022\/02\/tarhana_9.jpg\" class=\"img-fluid service-icon-img\" alt=\"Tarhana \u00dcreticileri\" \/><\/div><h5 class=\"service-title\"><a href=\"https:\/\/kagiosb.org.tr\/index.php\/service\/tarhana-ureticileri\/\">Tarhana \u00dcreticileri<\/a><\/h5><!-- .service-title --><div class=\"post-more\"><a class=\"read-more btn\" href=\"https:\/\/kagiosb.org.tr\/index.php\/service\/tarhana-ureticileri\/\">Detaylar<\/a><\/div><\/div><!-- .service-inner --><\/div><!-- .cols --><div class=\"col-lg-4 col-md-4\"><div class=\"service-inner\"><div class=\"service-thumb\"><img loading=\"lazy\" decoding=\"async\" width=\"767\" height=\"487\" src=\"https:\/\/kagiosb.org.tr\/wp-content\/uploads\/2022\/02\/biber.jpeg\" class=\"img-fluid wp-post-image\" alt=\"\" srcset=\"https:\/\/kagiosb.org.tr\/wp-content\/uploads\/2022\/02\/biber.jpeg 1600w, https:\/\/kagiosb.org.tr\/wp-content\/uploads\/2022\/02\/biber-768x488.jpeg 768w, https:\/\/kagiosb.org.tr\/wp-content\/uploads\/2022\/02\/biber-1536x975.jpeg 1536w\" sizes=\"(max-width: 767px) 100vw, 767px\" \/><\/div><!-- .service-thumb --><div class=\"service-icon-img-wrap\"><img decoding=\"async\" src=\"https:\/\/kagiosb.org.tr\/wp-content\/uploads\/2022\/02\/biber.jpeg\" class=\"img-fluid service-icon-img\" alt=\"Biber \u00dcreticileri\" \/><\/div><h5 class=\"service-title\"><a href=\"https:\/\/kagiosb.org.tr\/index.php\/service\/biber-ureticileri\/\">Biber \u00dcreticileri<\/a><\/h5><!-- .service-title --><div class=\"post-more\"><a class=\"read-more btn\" href=\"https:\/\/kagiosb.org.tr\/index.php\/service\/biber-ureticileri\/\">Detaylar<\/a><\/div><\/div><!-- .service-inner --><\/div><!-- .cols --><div class=\"col-lg-4 col-md-4\"><div class=\"service-inner\"><div class=\"service-thumb\"><img loading=\"lazy\" decoding=\"async\" width=\"767\" height=\"575\" src=\"https:\/\/kagiosb.org.tr\/wp-content\/uploads\/2022\/02\/dondurma.jpg\" class=\"img-fluid wp-post-image\" alt=\"\" srcset=\"https:\/\/kagiosb.org.tr\/wp-content\/uploads\/2022\/02\/dondurma.jpg 800w, https:\/\/kagiosb.org.tr\/wp-content\/uploads\/2022\/02\/dondurma-768x576.jpg 768w\" sizes=\"(max-width: 767px) 100vw, 767px\" \/><\/div><!-- .service-thumb --><div class=\"service-icon-img-wrap\"><img decoding=\"async\" src=\"https:\/\/kagiosb.org.tr\/wp-content\/uploads\/2022\/02\/dondurma.jpg\" class=\"img-fluid service-icon-img\" alt=\"Dondurma \u00dcreticileri\" \/><\/div><h5 class=\"service-title\"><a href=\"https:\/\/kagiosb.org.tr\/index.php\/service\/dondurma-ureticileri\/\">Dondurma \u00dcreticileri<\/a><\/h5><!-- .service-title --><div class=\"post-more\"><a class=\"read-more btn\" href=\"https:\/\/kagiosb.org.tr\/index.php\/service\/dondurma-ureticileri\/\">Detaylar<\/a><\/div><\/div><!-- .service-inner --><\/div><!-- .cols --><\/div><!-- .row --><div class=\"row\"><div class=\"col-lg-4 col-md-4\"><div class=\"service-inner\"><div class=\"service-thumb\"><img loading=\"lazy\" decoding=\"async\" width=\"452\" height=\"600\" src=\"https:\/\/kagiosb.org.tr\/wp-content\/uploads\/2022\/02\/baharat-scaled.jpg\" class=\"img-fluid wp-post-image\" alt=\"\" srcset=\"https:\/\/kagiosb.org.tr\/wp-content\/uploads\/2022\/02\/baharat-scaled.jpg 1927w, https:\/\/kagiosb.org.tr\/wp-content\/uploads\/2022\/02\/baharat-768x1020.jpg 768w, https:\/\/kagiosb.org.tr\/wp-content\/uploads\/2022\/02\/baharat-1156x1536.jpg 1156w, https:\/\/kagiosb.org.tr\/wp-content\/uploads\/2022\/02\/baharat-1542x2048.jpg 1542w\" sizes=\"(max-width: 452px) 100vw, 452px\" \/><\/div><!-- .service-thumb --><div class=\"service-icon-img-wrap\"><img decoding=\"async\" src=\"https:\/\/kagiosb.org.tr\/wp-content\/uploads\/2022\/02\/baharat-scaled.jpg\" class=\"img-fluid service-icon-img\" alt=\"Baharat\" \/><\/div><h5 class=\"service-title\"><a href=\"https:\/\/kagiosb.org.tr\/index.php\/service\/baharat\/\">Baharat<\/a><\/h5><!-- .service-title --><div class=\"post-more\"><a class=\"read-more btn\" href=\"https:\/\/kagiosb.org.tr\/index.php\/service\/baharat\/\">Detaylar<\/a><\/div><\/div><!-- .service-inner --><\/div><!-- .cols --><\/div><!-- .row Unexpected row close --><\/div><!-- .service-wrapper -->\t\t\t\t<\/div>\n\t\t\t\t<\/div>\n\t\t\t\t\t<\/div>\n\t\t<\/div>\n\t\t\t\t\t<\/div>\n\t\t<\/section>\n\t\t\t\t<\/div>\n\t\t","protected":false},"excerpt":{"rendered":"<p>Pastac\u0131lar ve Unlu Mam\u00fcller Detaylar \u015eekerlemeciler Detaylar Haz\u0131r Yemek Sekt\u00f6r\u00fc Detaylar Tarhana \u00dcreticileri Detaylar Biber \u00dcreticileri Detaylar Dondurma \u00dcreticileri Detaylar Baharat Detaylar<\/p>\n","protected":false},"author":1,"featured_media":0,"parent":0,"menu_order":0,"comment_status":"closed","ping_status":"closed","template":"","meta":{"footnotes":""},"class_list":["post-13182","page","type-page","status-publish","hentry"],"_links":{"self":[{"href":"https:\/\/kagiosb.org.tr\/index.php\/wp-json\/wp\/v2\/pages\/13182","targetHints":{"allow":["GET"]}}],"collection":[{"href":"https:\/\/kagiosb.org.tr\/index.php\/wp-json\/wp\/v2\/pages"}],"about":[{"href":"https:\/\/kagiosb.org.tr\/index.php\/wp-json\/wp\/v2\/types\/page"}],"author":[{"embeddable":true,"href":"https:\/\/kagiosb.org.tr\/index.php\/wp-json\/wp\/v2\/users\/1"}],"replies":[{"embeddable":true,"href":"https:\/\/kagiosb.org.tr\/index.php\/wp-json\/wp\/v2\/comments?post=13182"}],"version-history":[{"count":10,"href":"https:\/\/kagiosb.org.tr\/index.php\/wp-json\/wp\/v2\/pages\/13182\/revisions"}],"predecessor-version":[{"id":16734,"href":"https:\/\/kagiosb.org.tr\/index.php\/wp-json\/wp\/v2\/pages\/13182\/revisions\/16734"}],"wp:attachment":[{"href":"https:\/\/kagiosb.org.tr\/index.php\/wp-json\/wp\/v2\/media?parent=13182"}],"curies":[{"name":"wp","href":"https:\/\/api.w.org\/{rel}","templated":true}]}}