{"id":21,"date":"2022-02-01T14:39:59","date_gmt":"2022-02-01T11:39:59","guid":{"rendered":"http:\/\/kagiosb.org.tr\/?page_id=21"},"modified":"2022-02-14T13:28:58","modified_gmt":"2022-02-14T10:28:58","slug":"amac-ve-hedef","status":"publish","type":"page","link":"https:\/\/kagiosb.org.tr\/index.php\/amac-ve-hedef\/","title":{"rendered":"Ama\u00e7 ve Hedef"},"content":{"rendered":"\n<p>G\u0131da alan\u0131nda faaliyet g\u00f6sterecek olan <strong>G\u0131da \u0130htisas Organize Sanayi B\u00f6lgesi (OSB)<\/strong>, ilimizin \u00f6nde gelen g\u0131da \u00fcr\u00fcnlerinden dondurma, biber, tarhana, \u015f\u0131ra ve unlu mamuller ile di\u011fer g\u0131da \u00fcr\u00fcnleri \u00fcreten sanayicileri bir araya toplamay\u0131 sa\u011flamakla birlikte, kaliteli ve ucuz maliyetli \u00fcretimi sa\u011flamak, bu \u015fekilde \u00fcr\u00fcnlerin pazarlamas\u0131nda rekabet g\u00fcc\u00fcn\u00fc art\u0131rmak, sanayinin uygun g\u00f6r\u00fclen alanlarda yap\u0131lanmas\u0131n\u0131 sa\u011flamak, \u00e7arp\u0131k sanayile\u015fme ve \u00e7evre sorunlar\u0131n\u0131 \u00f6nlemek, kaynaklar\u0131 rasyonel kullanmak, bilgi ve bili\u015fim teknolojilerinden yararlanmay\u0131 hedeflemektedir.<\/p>\n","protected":false},"excerpt":{"rendered":"<p>G\u0131da alan\u0131nda faaliyet g\u00f6sterecek olan G\u0131da \u0130htisas Organize Sanayi B\u00f6lgesi (OSB), ilimizin \u00f6nde gelen g\u0131da \u00fcr\u00fcnlerinden dondurma, biber, tarhana, \u015f\u0131ra ve unlu mamuller ile di\u011fer g\u0131da \u00fcr\u00fcnleri \u00fcreten sanayicileri bir araya toplamay\u0131 sa\u011flamakla birlikte, kaliteli ve ucuz maliyetli \u00fcretimi sa\u011flamak, bu \u015fekilde \u00fcr\u00fcnlerin pazarlamas\u0131nda rekabet g\u00fcc\u00fcn\u00fc art\u0131rmak, sanayinin uygun g\u00f6r\u00fclen alanlarda yap\u0131lanmas\u0131n\u0131 sa\u011flamak, \u00e7arp\u0131k sanayile\u015fme<\/p>\n","protected":false},"author":1,"featured_media":0,"parent":0,"menu_order":0,"comment_status":"closed","ping_status":"closed","template":"","meta":{"footnotes":""},"class_list":["post-21","page","type-page","status-publish","hentry"],"_links":{"self":[{"href":"https:\/\/kagiosb.org.tr\/index.php\/wp-json\/wp\/v2\/pages\/21","targetHints":{"allow":["GET"]}}],"collection":[{"href":"https:\/\/kagiosb.org.tr\/index.php\/wp-json\/wp\/v2\/pages"}],"about":[{"href":"https:\/\/kagiosb.org.tr\/index.php\/wp-json\/wp\/v2\/types\/page"}],"author":[{"embeddable":true,"href":"https:\/\/kagiosb.org.tr\/index.php\/wp-json\/wp\/v2\/users\/1"}],"replies":[{"embeddable":true,"href":"https:\/\/kagiosb.org.tr\/index.php\/wp-json\/wp\/v2\/comments?post=21"}],"version-history":[{"count":2,"href":"https:\/\/kagiosb.org.tr\/index.php\/wp-json\/wp\/v2\/pages\/21\/revisions"}],"predecessor-version":[{"id":16762,"href":"https:\/\/kagiosb.org.tr\/index.php\/wp-json\/wp\/v2\/pages\/21\/revisions\/16762"}],"wp:attachment":[{"href":"https:\/\/kagiosb.org.tr\/index.php\/wp-json\/wp\/v2\/media?parent=21"}],"curies":[{"name":"wp","href":"https:\/\/api.w.org\/{rel}","templated":true}]}}